e of 2738?
True
Is 2130 a factor of 67863930?
True
Does 3 divide 16964145?
True
Is 391320 a multiple of 120?
True
Is 158 a factor of 3147972391?
False
Is 34 a factor of 266346876?
False
Does 94 divide 350898334?
True
Does 394 divide 1414263676?
False
Does 2760 divide 42229878?
False
Is 104 a factor of 471826992?
True
Is 169360922 a multiple of 103?
False
Is 8 a factor of 174055846?
False
Is 22116220 a multiple of 1435?
True
Is 1806 a factor of 146024130?
True
Is 627 a factor of 21109129?
False
Does 54 divide 1642805874?
True
Does 278 divide 25779218?
True
Does 14 divide 80331734?
True
Is 43310939 a multiple of 5?
False
Is 2275703 a multiple of 175?
False
Does 1542 divide 241491424?
False
Is 2783884566 a multiple of 2463?
True
Does 10 divide 115588690?
True
Does 226 divide 66940522?
True
Is 59216992 a multiple of 16?
True
Is 66324171 a multiple of 67?
True
Is 2070 a factor of 16683178?
False
Does 64 divide 7500928?
True
Is 423636080 a multiple of 2480?
True
Is 33843880 a multiple of 8?
True
Is 251 a factor of 448047965?
False
Is 45521649 a multiple of 72?
False
Does 10 divide 7169650?
True
Is 207760864 a multiple of 32?
True
Does 2064 divide 564685632?
True
Does 119 divide 21481259?
False
Does 554 divide 2427870692?
False
Is 408 a factor of 69329658?
False
Is 953642367 a multiple of 20?
False
Does 464 divide 300745769?
False
Does 79 divide 599393618?
False
Is 3828313815 a multiple of 318?
False
Does 30 divide 4585590?
True
Does 5 divide 1504164?
False
Is 7564 a factor of 339351296?
True
Is 20613694 a multiple of 5?
False
Does 12 divide 228987143?
False
Is 453109093 a multiple of 893?
True
Is 64 a factor of 1178688?
True
Is 986 a factor of 34274346?
True
Is 89678862 a multiple of 117?
True
Is 71768124 a multiple of 2421?
True
Is 5510 a factor of 2121912020?
True
Is 7289100 a multiple of 267?
True
Is 94721988 a multiple of 18?
False
Does 813 divide 19989224?
False
Does 809 divide 1093415908?
False
Is 24 a factor of 12991176?
True
Is 201962722 a multiple of 725?
False
Is 4494 a factor of 1012064288?
False
Does 53 divide 153242934?
False
Is 116 a factor of 11350547?
False
Is 8 a factor of 3509669256?
True
Is 38 a factor of 182889683?
False
Is 111297921 a multiple of 201?
True
Is 404 a factor of 294111192?
True
Is 15 a factor of 1108722991?
False
Is 44924646 a multiple of 78?
True
Is 53 a factor of 711601396?
False
Is 15 a factor of 14248710?
True
Does 224 divide 69906144?
True
Is 13 a factor of 6372579806?
False
Does 7 divide 22418326?
True
Is 11705961 a multiple of 14?
False
Does 2247 divide 393384537?
True
Is 15 a factor of 68939703?
False
Does 1446 divide 67584594?
True
Is 10767456 a multiple of 144?
True
Is 90806160 a multiple of 1704?
True
Is 27391850 a multiple of 10?
True
Is 98 a factor of 79848803?
False
Is 1615 a factor of 29354361?
False
Is 12 a factor of 77311104?
True
Is 1218270 a multiple of 2?
True
Is 19 a factor of 14302944?
False
Is 60337068 a multiple of 132?
True
Is 22 a factor of 73000109?
False
Is 6973 a factor of 1261523864?
False
Does 880 divide 119967760?
True
Does 500 divide 35819099?
False
Is 31 a factor of 486505275?
False
Does 11 divide 35287990?
False
Does 21 divide 22457928?
False
Is 51 a factor of 172234851?
False
Does 127 divide 1647048?
False
Does 16 divide 2981866132?
False
Is 132 a factor of 639942509?
False
Does 18 divide 19543562?
False
Is 1239 a factor of 2416050?
True
Does 327 divide 6372458?
False
Is 857243686 a multiple of 25?
False
Is 96954102 a multiple of 7?
True
Does 405 divide 673102710?
True
Is 17958308 a multiple of 212?
True
Does 338 divide 580384369?
False
Is 20 a factor of 133357606?
False
Is 6556 a factor of 1403161012?
True
Does 133 divide 168045370?
False
Is 8395383 a multiple of 8?
False
Is 153778443 a multiple of 236?
False
Is 12587069 a multiple of 10?
False
Is 17 a factor of 17955610?
False
Does 125 divide 45702250?
True
Is 1297655896 a multiple of 103?
False
Is 117 a factor of 16636938?
False
Is 252 a factor of 7076664?
True
Is 24441612 a multiple of 182?
False
Does 5 divide 261434535?
True
Is 819796138 a multiple of 1897?
True
Does 549 divide 36961475?
False
Is 226 a factor of 14455412?
True
Does 6294 divide 1913661042?
False
Is 600672576 a multiple of 4116?
True
Is 42519829 a multiple of 29?
True
Is 14 a factor of 7570528?
True
Is 504337995 a multiple of 855?
True
Does 952 divide 2694738816?
True
Does 2601 divide 22053879?
True
Is 7439068 a multiple of 428?
True
Is 198315545 a multiple of 43?
False
Is 7752405 a multiple of 15?
True
Is 47932122 a multiple of 128?
False
Is 7 a factor of 404912564?
True
Is 2944372 a multiple of 1135?
False
Is 2383463203 a multiple of 121?
True
Is 317337510 a multiple of 14?
True
Is 44 a factor of 89435405?
False
Is 13418751 a multiple of 92?
False
Is 12739497 a multiple of 87?
True
Is 5386082784 a multiple of 48?
True
Does 21 divide 890492169?
True
Is 802 a factor of 33602614?
False
Is 479 a factor of 141787034?
False
Is 555 a factor of 362355886?
False
Is 52 a factor of 85385560?
True
Is 17176022 a multiple of 9?
False
Is 217956459 a multiple of 145?
False
Does 305 divide 368630930?
True
Is 44503959 a multiple of 643?
True
Is 71184489 a multiple of 177?
False
Is 19856850 a multiple of 442?
True
Is 337 a factor of 12649632?
True
Is 51542921 a multiple of 36?
False
Is 30915214 a multiple of 1277?
False
Is 162277128 a multiple of 78?
True
Is 2923821257 a multiple of 16?
False
Is 110233086 a multiple of 237?
False
Does 235 divide 11695167?
False
Is 7 a factor of 5627902?
True
Does 877 divide 285795006?
True
Is 125029840 a multiple of 40?
True
Is 35600479 a multiple of 9?
False
Is 6 a factor of 69402714?
True
Is 1319572930 a multiple of 57?
False
Does 16 divide 24078648?
False
Is 17393269 a multiple of 30?
False
Is 562672 a multiple of 1012?
True
Does 589 divide 2526025452?
True
Is 86 a factor of 35818406?
False
Is 33 a factor of 12921611?
False
Does 38 divide 274624406?
False
Is 14500906 a multiple of 53?
True
Does 853 divide 6162925?
True
Is 33983496 a multiple of 1179?
True
Is 27957690 a multiple of 510?
True
Is 64843680 a multiple of 880?
True
Is 62728986 a multiple of 34?
False
Is 1931217 a multiple of 323?
True
Does 4802 divide 233708538?
True
Is 3324 a factor of 19355652?
True
Is 3 a factor of 146766194?
False
Is 1357565992 a multiple of 1016?
True
Is 12 a factor of 73653273?
False
Does 152 divide 462656384?
True
Does 310 divide 232468826?
False
Is 578 a factor of 212986630?
False
Is 16093077 a multiple of 39?
True
Is 272 a factor of 98528736?
True
Is 13546400 a multiple of 13?
False
Does 1097 divide 682613735?
True
Does 9 divide 100314081?
True
Does 11 divide 50980911?
False
Does 1150 divide 963733347?
False
Does 299 divide 32915771?
False
Is 175554120 a multiple of 70?
True
Is 3007 a factor of 961902120?
False
Is 415787854 a multiple of 94?
False
Is 776081709 a multiple of 117?
True
Is 459268784 a multiple of 13?
True
Is 45547580 a multiple of 52?
True
Is 408 a factor of 1787529600?
True
Is 142 a factor of 1426754?
False
Does 127 divide 47889414?
True
Is 18524834 a multiple of 75?
False
Does 323 divide 59572543?
False
Is 93356540 a multiple of 20?
True
Does 132 divide 18943695?
False
Does 35 divide 191819640?
False
Is 579 a factor of 163712250?
True
Is 59427852 a multiple of 187?
True
Is 326 a factor of 136370832?
False
Is 8 a factor of 365904451?
False
Is 18 a factor of 22274676?
True
Is 1085066640 a multiple of 118?
True
Does 1306 divide 73155590?
True
Does 6 divide 23393042?
False
Is 508769203 a multiple of 37?
True
Does 13 divide 574677716?
False
Is 25 a factor of 20289775?
True
Is 27 a factor of 241063274?
False
Does 1073 divide 228800745?
False
Does 1866 divide 34052634?
True
Is 425 a factor of 2277575?
True
Is 2549394720 a multiple of 180?
True
Does 347 divide 121292809?
True
Does 19 divide 6900172?
False
Is 212875907 a multiple of 30?
False
Is 288786731 a multiple of 7846?
False
Is 152169689 a multiple of 2581?
False
Does 3122 divide 1716656676?
True
Is 230137974 a multiple of 39?
False
Is 260 a factor of 368734772?
False
Does 1565 divide 216473930?
True
Is 19 a factor of 108936728?
True
Does 8 divide 12976396?
False
Does 16 divide 446867?
False
Does 10 divide 550776290?
True
Does 26 divide 1910825?
False
Is 146 a factor of 758762?
True
Does